 number?
True
Is 5386882 a composite number?
True
Is 4879397 a prime number?
True
Is 85681535 a prime number?
False
Is 533111 composite?
False
Is 10607941 prime?
True
Is 24937169 composite?
False
Is 4424999 a prime number?
False
Is 28038211 a composite number?
False
Is 271661 a prime number?
False
Is 252968803 composite?
False
Is 20919649 a prime number?
True
Is 13880053 a composite number?
True
Is 176944685 composite?
True
Is 126827011 a prime number?
True
Is 169316159 composite?
False
Is 92973037 composite?
True
Is 1493903 a prime number?
True
Is 171004979 a composite number?
True
Is 70279969 prime?
True
Is 1524899 a composite number?
False
Is 18638517 prime?
False
Is 34500787 prime?
True
Is 256461 a composite number?
True
Is 475327 a composite number?
False
Is 370561007 a prime number?
True
Is 19260793 a prime number?
False
Is 757957 a composite number?
True
Is 275999 prime?
True
Is 3780703 a composite number?
True
Is 90391601 prime?
False
Is 834469 prime?
True
Is 19879786 a composite number?
True
Is 41303833 prime?
False
Is 37263113 a prime number?
True
Is 15075149 a prime number?
False
Is 286407403 a composite number?
True
Is 15817603 a composite number?
False
Is 8643406 a composite number?
True
Is 497443 a prime number?
False
Is 6517033 prime?
True
Is 1104599 composite?
False
Is 212701 prime?
True
Is 374279 composite?
True
Is 455597 prime?
True
Is 7143951 a prime number?
False
Is 16006209 a composite number?
True
Is 2097434 prime?
False
Is 29996837 prime?
False
Is 4818269 composite?
False
Is 44625521 composite?
True
Is 1763165 composite?
True
Is 7101987 a prime number?
False
Is 2307367 a composite number?
False
Is 410954339 a prime number?
True
Is 1609367 a composite number?
False
Is 2716027 composite?
False
Is 7086743 a composite number?
True
Is 10009757 a composite number?
True
Is 25953551 composite?
True
Is 11272211 a composite number?
False
Is 50947903 a composite number?
True
Is 293700581 composite?
True
Is 378269 prime?
True
Is 7023283 prime?
True
Is 415789649 prime?
False
Is 5648999 a composite number?
False
Is 16291001 a composite number?
True
Is 221203 prime?
True
Is 833061245 prime?
False
Is 6769897 prime?
True
Is 479520417 a composite number?
True
Is 319612717 composite?
False
Is 2235829 prime?
True
Is 5525177 a composite number?
True
Is 1120501 a composite number?
False
Is 9484733 a composite number?
False
Is 2713279 prime?
False
Is 205426219 prime?
True
Is 1953241 prime?
False
Is 132267067 a prime number?
True
Is 428978227 composite?
True
Is 10414363 composite?
False
Is 8864203 composite?
True
Is 8419249 composite?
False
Is 355373 prime?
False
Is 20066107 a prime number?
True
Is 5709227 a composite number?
True
Is 112333733 prime?
False
Is 4040083 a prime number?
True
Is 80200397 composite?
True
Is 11300353 composite?
False
Is 596611 composite?
False
Is 48230929 a composite number?
True
Is 7206977 composite?
False
Is 18624261 prime?
False
Is 1873769 prime?
True
Is 23335773 prime?
False
Is 195044389 a prime number?
False
Is 70335107 a prime number?
False
Is 116304013 composite?
True
Is 364643789 prime?
True
Is 38887873 composite?
False
Is 112099153 composite?
False
Is 2199767 a prime number?
False
Is 1130191 composite?
False
Is 80141795 a composite number?
True
Is 218595749 composite?
True
Is 3666139 a prime number?
True
Is 116025979 prime?
False
Is 30360703 prime?
True
Is 812909 a composite number?
True
Is 25564787 composite?
True
Is 239285339 a prime number?
True
Is 1482031 prime?
False
Is 15664841 a composite number?
False
Is 363431 composite?
False
Is 3306623 prime?
True
Is 144486997 a composite number?
True
Is 4734397 a prime number?
True
Is 24469 a composite number?
False
Is 1340281 prime?
True
Is 223544141 a prime number?
True
Is 422547077 prime?
True
Is 1590343 composite?
False
Is 9565517 prime?
False
Is 6861187 a composite number?
False
Is 6935451 a composite number?
True
Is 1371888013 composite?
False
Is 3655079 prime?
True
Is 87409 a prime number?
False
Is 391682989 composite?
True
Is 33863441 prime?
True
Is 88296035 composite?
True
Is 185531 a composite number?
False
Is 2468579 composite?
False
Is 81794831 composite?
True
Is 11920333 a prime number?
True
Is 355361 composite?
False
Is 432691 prime?
False
Is 8161067 a prime number?
False
Is 139848897 composite?
True
Is 87954943 composite?
False
Is 316055807 a composite number?
False
Is 25153019 prime?
False
Is 5019367 composite?
True
Is 75181781 composite?
True
Is 2430067 a composite number?
True
Is 283017653 prime?
False
Is 268931147 a prime number?
False
Is 25860871 composite?
False
Is 575401 prime?
True
Is 14379743 composite?
True
Is 46559131 a composite number?
False
Is 33576271 a composite number?
True
Is 779281 a prime number?
False
Is 790949 prime?
False
Is 162119 a composite number?
False
Is 2338717 a composite number?
False
Is 197057 a prime number?
False
Is 18683611 a composite number?
False
Is 3714871 prime?
False
Is 142562773 a composite number?
False
Is 6075209 a composite number?
True
Is 14082317 a composite number?
True
Is 55329851 a composite number?
False
Is 58814003 a composite number?
True
Is 163628431 a composite number?
True
Is 745713883 a composite number?
False
Is 5202497 a composite number?
False
Is 1358977 a composite number?
False
Is 111566701 a composite number?
False
Is 53687279 a prime number?
True
Is 14019659 prime?
True
Is 2806361 a prime number?
True
Is 277344959 a composite number?
True
Is 6855967 a composite number?
False
Is 8312455 composite?
True
Is 45389957 a prime number?
True
Is 4222873 composite?
True
Is 301523405 a composite number?
True
Is 25352927 composite?
False
Is 323861573 prime?
False
Is 63464969 a prime number?
True
Is 30586399 composite?
True
Is 72383111 prime?
True
Is 50184467 prime?
True
Is 4956073 composite?
False
Is 4080785 a composite number?
True
Is 2397107471 a prime number?
False
Is 223617571 a prime number?
True
Is 151418659 a prime number?
False
Is 50236397 prime?
False
Is 1876109 a composite number?
False
Is 1111993 composite?
True
Is 375199567 prime?
False
Is 71056387 a composite number?
False
Is 1148999 a prime number?
True
Is 3017033 prime?
True
Is 9490361 a prime number?
True
Is 10755583 a prime number?
False
Is 79003289 a composite number?
False
Is 63211 a prime number?
True
Is 1271299 a prime number?
True
Is 488028449 a prime number?
True
Is 35410447 composite?
False
Is 16047023 a composite number?
True
Is 55358197 a prime number?
True
Is 585629 composite?
True
Is 2572987 a prime number?
False
Is 139831 a composite number?
False
Is 1881413 a prime number?
False
Is 108839534 prime?
False
Is 64046407 a prime number?
False
Is 29256131 a prime number?
False
Is 11937427 prime?
True
Is 130811647 composite?
True
Is 597637 composite?
False
Is 603998911 a prime number?
True
Is 57566533 a composite number?
True
Is 1605509 composite?
False
Is 1839619 prime?
False
Is 11202349 composite?
False
Is 88013447 composite?
False
Is 7772671 a prime number?
False
Is 6803827 prime?
False
Is 3282817 a composite number?
False
Is 123599 composite?
True
Is 1733777 a prime number?
True
Is 13626643 a prime number?
True
Is 1137481439 prime?
True
Is 6331399 a prime number?
True
Is 74381743 prime?
True
Is 53125113 a composite number?
True
Is 2537527 a composite number?
False
Is 39454439 a composite number?
True
Is 16551629 prime?
True
Is 5038031 composite?
True
Is 70108939 a composite number?
True
Is 5433511 prime?
True
Is 106163 prime?
True
Is 8678393 a prime number?
True
Is 9682061 a prime number?
False
Is 2052559 a prime number?
True
Is 3114103 a composite number?
True
Is 641843 a composite number?
False
Is 15000151 a prime number?
True
Is 170432993 composite?
False
Is 241824251 a prime number?
True
Is 338588449 a composite number?
False
Is 1380763 a prime number?
True
Is 353067499 a prime number?
False
Is 1907687 prime?
True
Is 1035112951 a prime number?
False
Is 870839821 a composite number?
False
Is 41218511 a composite number?
False
Is 72395969 composite?
True
Is 17275109 composite?
True
Is 736258 a composite number?
True
Is 4022437 a composite number?
False
Is 127019 a prime number?
False
Is 5366423 composite?
True
Is 11774977 a composite number?
False
Is 10674777 a composite number?
True
Is 14798013 a prime number?
Fa